{"id":55,"date":"2023-07-13T18:08:20","date_gmt":"2023-07-13T16:08:20","guid":{"rendered":"http:\/\/adr-doradztwo2.pl\/?page_id=55"},"modified":"2023-07-13T19:00:38","modified_gmt":"2023-07-13T17:00:38","slug":"bogdan-kolowski-doradztwo-szkolenia-i-ekspertyzy","status":"publish","type":"page","link":"https:\/\/adr-doradztwo.pl\/","title":{"rendered":"BOGDAN KO\u0141OWSKI DORADZTWO SZKOLENIA I EKSPERTYZY"},"content":{"rendered":"\n<h2 class=\"wp-block-heading has-text-align-left\" style=\"text-transform:uppercase\">Aby transport towar\u00f3w niebezpiecznych<br>by\u0142 zawsze dla Pa\u0144stwa bezpieczny!<\/h2>\n\n\n\n<figure class=\"wp-block-image size-full\"><img loading=\"lazy\" decoding=\"async\" width=\"800\" height=\"536\" src=\"http:\/\/adr-doradztwo2.pl\/wp-content\/uploads\/2023\/07\/ADR.jpeg\" alt=\"\" class=\"wp-image-59\" srcset=\"https:\/\/adr-doradztwo.pl\/wp-content\/uploads\/2023\/07\/ADR.jpeg 800w, https:\/\/adr-doradztwo.pl\/wp-content\/uploads\/2023\/07\/ADR-300x201.jpeg 300w, https:\/\/adr-doradztwo.pl\/wp-content\/uploads\/2023\/07\/ADR-768x515.jpeg 768w\" sizes=\"auto, (max-width: 800px) 100vw, 800px\" \/><\/figure>\n\n\n\n<p><strong>Witam na mojej stronie!<\/strong><\/p>\n\n\n\n<p><\/p>\n\n\n\n<p>Firma dzia\u0142a od 2005 roku w Olsztynie (wojew\u00f3dztwo warmi\u0144sko-mazurskie), poszerzaj\u0105c swoj\u0105 ofert\u0119 <br>i pozyskuj\u0105c nowych, zadowolonych klient\u00f3w. Dewiz\u0105 mojego dzia\u0142ania jest fachowo\u015b\u0107, uczciwo\u015b\u0107, rzetelno\u015b\u0107 i terminowo\u015b\u0107.<\/p>\n\n\n\n<p><\/p>\n\n\n\n<p>Zapraszam do wsp\u00f3\u0142pracy.<\/p>\n","protected":false},"excerpt":{"rendered":"<p>Aby transport towar\u00f3w niebezpiecznychby\u0142 zawsze dla Pa\u0144stwa bezpieczny! Witam na mojej stronie! Firma dzia\u0142a od 2005 roku w Olsztynie (wojew\u00f3dztwo warmi\u0144sko-mazurskie), poszerzaj\u0105c swoj\u0105 ofert\u0119 i pozyskuj\u0105c nowych, zadowolonych klient\u00f3w. Dewiz\u0105 mojego dzia\u0142ania jest fachowo\u015b\u0107, uczciwo\u015b\u0107, rzetelno\u015b\u0107 i terminowo\u015b\u0107. Zapraszam do wsp\u00f3\u0142pracy.<\/p>\n","protected":false},"author":1,"featured_media":0,"parent":0,"menu_order":0,"comment_status":"closed","ping_status":"closed","template":"","meta":{"footnotes":""},"class_list":["post-55","page","type-page","status-publish","hentry"],"_links":{"self":[{"href":"https:\/\/adr-doradztwo.pl\/index.php?rest_route=\/wp\/v2\/pages\/55","targetHints":{"allow":["GET"]}}],"collection":[{"href":"https:\/\/adr-doradztwo.pl\/index.php?rest_route=\/wp\/v2\/pages"}],"about":[{"href":"https:\/\/adr-doradztwo.pl\/index.php?rest_route=\/wp\/v2\/types\/page"}],"author":[{"embeddable":true,"href":"https:\/\/adr-doradztwo.pl\/index.php?rest_route=\/wp\/v2\/users\/1"}],"replies":[{"embeddable":true,"href":"https:\/\/adr-doradztwo.pl\/index.php?rest_route=%2Fwp%2Fv2%2Fcomments&post=55"}],"version-history":[{"count":11,"href":"https:\/\/adr-doradztwo.pl\/index.php?rest_route=\/wp\/v2\/pages\/55\/revisions"}],"predecessor-version":[{"id":86,"href":"https:\/\/adr-doradztwo.pl\/index.php?rest_route=\/wp\/v2\/pages\/55\/revisions\/86"}],"wp:attachment":[{"href":"https:\/\/adr-doradztwo.pl\/index.php?rest_route=%2Fwp%2Fv2%2Fmedia&parent=55"}],"curies":[{"name":"wp","href":"https:\/\/api.w.org\/{rel}","templated":true}]}}