{"id":30,"date":"2023-07-13T17:44:15","date_gmt":"2023-07-13T15:44:15","guid":{"rendered":"http:\/\/adr-doradztwo2.pl\/?page_id=30"},"modified":"2023-07-13T17:48:18","modified_gmt":"2023-07-13T15:48:18","slug":"ekspertyzy","status":"publish","type":"page","link":"https:\/\/adr-doradztwo.pl\/?page_id=30","title":{"rendered":"EKSPERTYZY"},"content":{"rendered":"\n<p>Od 1997 roku jestem bieg\u0142ym s\u0105dowym na li\u015bcie bieg\u0142ych S\u0105du Okr\u0119gowego w Olsztynie w zakresie:<\/p>\n\n\n\n<ul class=\"wp-block-list\">\n<li>broni strzeleckiej (badanie broni, balistyka),<\/li>\n\n\n\n<li>amunicji strzeleckiej i artyleryjskiej (badanie amunicji),<\/li>\n\n\n\n<li>materia\u0142\u00f3w wybuchowych,<\/li>\n\n\n\n<li>bezpiecze\u0144stwa w transporcie drogowym towar\u00f3w niebezpiecznych (ADR).<\/li>\n<\/ul>\n\n\n\n<p>Na potrzeby s\u0105d\u00f3w, prokuratur, Policji i \u017bandarmerii Wojskowej z ca\u0142ego kraju wykona\u0142em kilkaset ekspertyz. Wielokrotnie uczestniczy\u0142em w czynno\u015bciach procesowych w czasie ogl\u0119dzin miejsc zdarzenia i wizji lokalnych. Dokonywa\u0142em analizy materia\u0142\u00f3w dowodowych w celu ustalenia przyczyny zdarze\u0144.&nbsp;Wydaj\u0119 informacje na zlecenia os\u00f3b prywatnych i adwokatury.<\/p>\n","protected":false},"excerpt":{"rendered":"<p>Od 1997 roku jestem bieg\u0142ym s\u0105dowym na li\u015bcie bieg\u0142ych S\u0105du Okr\u0119gowego w Olsztynie w zakresie: Na potrzeby s\u0105d\u00f3w, prokuratur, Policji i \u017bandarmerii Wojskowej z ca\u0142ego kraju wykona\u0142em kilkaset ekspertyz. Wielokrotnie uczestniczy\u0142em w czynno\u015bciach procesowych w czasie ogl\u0119dzin miejsc zdarzenia i wizji lokalnych. Dokonywa\u0142em analizy materia\u0142\u00f3w dowodowych w celu ustalenia przyczyny zdarze\u0144.&nbsp;Wydaj\u0119 informacje na zlecenia os\u00f3b [&hellip;]<\/p>\n","protected":false},"author":1,"featured_media":0,"parent":0,"menu_order":0,"comment_status":"closed","ping_status":"closed","template":"","meta":{"footnotes":""},"class_list":["post-30","page","type-page","status-publish","hentry"],"_links":{"self":[{"href":"https:\/\/adr-doradztwo.pl\/index.php?rest_route=\/wp\/v2\/pages\/30","targetHints":{"allow":["GET"]}}],"collection":[{"href":"https:\/\/adr-doradztwo.pl\/index.php?rest_route=\/wp\/v2\/pages"}],"about":[{"href":"https:\/\/adr-doradztwo.pl\/index.php?rest_route=\/wp\/v2\/types\/page"}],"author":[{"embeddable":true,"href":"https:\/\/adr-doradztwo.pl\/index.php?rest_route=\/wp\/v2\/users\/1"}],"replies":[{"embeddable":true,"href":"https:\/\/adr-doradztwo.pl\/index.php?rest_route=%2Fwp%2Fv2%2Fcomments&post=30"}],"version-history":[{"count":2,"href":"https:\/\/adr-doradztwo.pl\/index.php?rest_route=\/wp\/v2\/pages\/30\/revisions"}],"predecessor-version":[{"id":39,"href":"https:\/\/adr-doradztwo.pl\/index.php?rest_route=\/wp\/v2\/pages\/30\/revisions\/39"}],"wp:attachment":[{"href":"https:\/\/adr-doradztwo.pl\/index.php?rest_route=%2Fwp%2Fv2%2Fmedia&parent=30"}],"curies":[{"name":"wp","href":"https:\/\/api.w.org\/{rel}","templated":true}]}}